{"id":111,"date":"2023-12-22T18:46:33","date_gmt":"2023-12-22T17:46:33","guid":{"rendered":"https:\/\/homeydz.com\/?post_type=product&#038;p=111"},"modified":"2026-04-02T16:11:47","modified_gmt":"2026-04-02T14:11:47","slug":"jete-carre-brode-vide","status":"publish","type":"product","link":"https:\/\/homeydz.com\/index.php\/produit\/jete-carre-brode-vide\/","title":{"rendered":"Jet\u00e9 carr\u00e9 brod\u00e9 moka vide"},"content":{"rendered":"<p>Dimension : 45\/45<\/p>\n","protected":false},"excerpt":{"rendered":"<p>&#8230;<\/p>\n","protected":false},"featured_media":5491,"template":"","meta":[],"etheme_brands":[],"product_cat":[16],"product_tag":[],"_links":{"self":[{"href":"https:\/\/homeydz.com\/index.php\/wp-json\/wp\/v2\/product\/111"}],"collection":[{"href":"https:\/\/homeydz.com\/index.php\/wp-json\/wp\/v2\/product"}],"about":[{"href":"https:\/\/homeydz.com\/index.php\/wp-json\/wp\/v2\/types\/product"}],"version-history":[{"count":2,"href":"https:\/\/homeydz.com\/index.php\/wp-json\/wp\/v2\/product\/111\/revisions"}],"predecessor-version":[{"id":6263,"href":"https:\/\/homeydz.com\/index.php\/wp-json\/wp\/v2\/product\/111\/revisions\/6263"}],"wp:featuredmedia":[{"embeddable":true,"href":"https:\/\/homeydz.com\/index.php\/wp-json\/wp\/v2\/media\/5491"}],"wp:attachment":[{"href":"https:\/\/homeydz.com\/index.php\/wp-json\/wp\/v2\/media?parent=111"}],"wp:term":[{"taxonomy":"brand","embeddable":true,"href":"https:\/\/homeydz.com\/index.php\/wp-json\/wp\/v2\/etheme_brands?post=111"},{"taxonomy":"product_cat","embeddable":true,"href":"https:\/\/homeydz.com\/index.php\/wp-json\/wp\/v2\/product_cat?post=111"},{"taxonomy":"product_tag","embeddable":true,"href":"https:\/\/homeydz.com\/index.php\/wp-json\/wp\/v2\/product_tag?post=111"}],"curies":[{"name":"wp","href":"https:\/\/api.w.org\/{rel}","templated":true}]}}