{"id":2971,"date":"2024-06-29T17:39:00","date_gmt":"2024-06-29T15:39:00","guid":{"rendered":"https:\/\/homeydz.com\/?post_type=product&#038;p=2971"},"modified":"2026-04-02T16:14:03","modified_gmt":"2026-04-02T14:14:03","slug":"jete-carre-brode-pink-vide","status":"publish","type":"product","link":"https:\/\/homeydz.com\/index.php\/produit\/jete-carre-brode-pink-vide\/","title":{"rendered":"Jet\u00e9 carr\u00e9 brod\u00e9 pink vide"},"content":{"rendered":"<p>Dimension : 45\/45<\/p>\n","protected":false},"excerpt":{"rendered":"<p>&#8230;<\/p>\n","protected":false},"featured_media":2973,"template":"","meta":[],"etheme_brands":[],"product_cat":[16],"product_tag":[],"_links":{"self":[{"href":"https:\/\/homeydz.com\/index.php\/wp-json\/wp\/v2\/product\/2971"}],"collection":[{"href":"https:\/\/homeydz.com\/index.php\/wp-json\/wp\/v2\/product"}],"about":[{"href":"https:\/\/homeydz.com\/index.php\/wp-json\/wp\/v2\/types\/product"}],"version-history":[{"count":1,"href":"https:\/\/homeydz.com\/index.php\/wp-json\/wp\/v2\/product\/2971\/revisions"}],"predecessor-version":[{"id":2980,"href":"https:\/\/homeydz.com\/index.php\/wp-json\/wp\/v2\/product\/2971\/revisions\/2980"}],"wp:featuredmedia":[{"embeddable":true,"href":"https:\/\/homeydz.com\/index.php\/wp-json\/wp\/v2\/media\/2973"}],"wp:attachment":[{"href":"https:\/\/homeydz.com\/index.php\/wp-json\/wp\/v2\/media?parent=2971"}],"wp:term":[{"taxonomy":"brand","embeddable":true,"href":"https:\/\/homeydz.com\/index.php\/wp-json\/wp\/v2\/etheme_brands?post=2971"},{"taxonomy":"product_cat","embeddable":true,"href":"https:\/\/homeydz.com\/index.php\/wp-json\/wp\/v2\/product_cat?post=2971"},{"taxonomy":"product_tag","embeddable":true,"href":"https:\/\/homeydz.com\/index.php\/wp-json\/wp\/v2\/product_tag?post=2971"}],"curies":[{"name":"wp","href":"https:\/\/api.w.org\/{rel}","templated":true}]}}