{"id":3634,"date":"2024-11-19T13:42:03","date_gmt":"2024-11-19T12:42:03","guid":{"rendered":"https:\/\/homeydz.com\/?post_type=product&#038;p=3634"},"modified":"2026-04-01T00:39:30","modified_gmt":"2026-03-31T22:39:30","slug":"jete-carre-brode-a-fleurs","status":"publish","type":"product","link":"https:\/\/homeydz.com\/index.php\/produit\/jete-carre-brode-a-fleurs\/","title":{"rendered":"Jet\u00e9 carr\u00e9 brod\u00e9 a fleurs vide"},"content":{"rendered":"","protected":false},"excerpt":{"rendered":"","protected":false},"featured_media":3626,"template":"","meta":[],"etheme_brands":[],"product_cat":[23,16],"product_tag":[],"_links":{"self":[{"href":"https:\/\/homeydz.com\/index.php\/wp-json\/wp\/v2\/product\/3634"}],"collection":[{"href":"https:\/\/homeydz.com\/index.php\/wp-json\/wp\/v2\/product"}],"about":[{"href":"https:\/\/homeydz.com\/index.php\/wp-json\/wp\/v2\/types\/product"}],"version-history":[{"count":3,"href":"https:\/\/homeydz.com\/index.php\/wp-json\/wp\/v2\/product\/3634\/revisions"}],"predecessor-version":[{"id":8633,"href":"https:\/\/homeydz.com\/index.php\/wp-json\/wp\/v2\/product\/3634\/revisions\/8633"}],"wp:featuredmedia":[{"embeddable":true,"href":"https:\/\/homeydz.com\/index.php\/wp-json\/wp\/v2\/media\/3626"}],"wp:attachment":[{"href":"https:\/\/homeydz.com\/index.php\/wp-json\/wp\/v2\/media?parent=3634"}],"wp:term":[{"taxonomy":"brand","embeddable":true,"href":"https:\/\/homeydz.com\/index.php\/wp-json\/wp\/v2\/etheme_brands?post=3634"},{"taxonomy":"product_cat","embeddable":true,"href":"https:\/\/homeydz.com\/index.php\/wp-json\/wp\/v2\/product_cat?post=3634"},{"taxonomy":"product_tag","embeddable":true,"href":"https:\/\/homeydz.com\/index.php\/wp-json\/wp\/v2\/product_tag?post=3634"}],"curies":[{"name":"wp","href":"https:\/\/api.w.org\/{rel}","templated":true}]}}