{"id":5001,"date":"2025-05-12T09:57:44","date_gmt":"2025-05-12T07:57:44","guid":{"rendered":"https:\/\/homeydz.com\/?post_type=product&#038;p=5001"},"modified":"2026-04-19T12:41:27","modified_gmt":"2026-04-19T10:41:27","slug":"jete-carre-blanc-en-maille-vide","status":"publish","type":"product","link":"https:\/\/homeydz.com\/index.php\/produit\/jete-carre-blanc-en-maille-vide\/","title":{"rendered":"jet\u00e9 carr\u00e9 blanc molton\u00e8 vide"},"content":{"rendered":"","protected":false},"excerpt":{"rendered":"","protected":false},"featured_media":0,"template":"","meta":[],"etheme_brands":[],"product_cat":[16],"product_tag":[],"_links":{"self":[{"href":"https:\/\/homeydz.com\/index.php\/wp-json\/wp\/v2\/product\/5001"}],"collection":[{"href":"https:\/\/homeydz.com\/index.php\/wp-json\/wp\/v2\/product"}],"about":[{"href":"https:\/\/homeydz.com\/index.php\/wp-json\/wp\/v2\/types\/product"}],"version-history":[{"count":2,"href":"https:\/\/homeydz.com\/index.php\/wp-json\/wp\/v2\/product\/5001\/revisions"}],"predecessor-version":[{"id":5200,"href":"https:\/\/homeydz.com\/index.php\/wp-json\/wp\/v2\/product\/5001\/revisions\/5200"}],"wp:attachment":[{"href":"https:\/\/homeydz.com\/index.php\/wp-json\/wp\/v2\/media?parent=5001"}],"wp:term":[{"taxonomy":"brand","embeddable":true,"href":"https:\/\/homeydz.com\/index.php\/wp-json\/wp\/v2\/etheme_brands?post=5001"},{"taxonomy":"product_cat","embeddable":true,"href":"https:\/\/homeydz.com\/index.php\/wp-json\/wp\/v2\/product_cat?post=5001"},{"taxonomy":"product_tag","embeddable":true,"href":"https:\/\/homeydz.com\/index.php\/wp-json\/wp\/v2\/product_tag?post=5001"}],"curies":[{"name":"wp","href":"https:\/\/api.w.org\/{rel}","templated":true}]}}